{"id":4484,"date":"2023-05-04T19:52:17","date_gmt":"2023-05-04T17:52:17","guid":{"rendered":"https:\/\/cotefontaine.be\/cf\/?page_id=4484"},"modified":"2023-06-26T17:42:14","modified_gmt":"2023-06-26T15:42:14","slug":"activites","status":"publish","type":"page","link":"https:\/\/cotefontaine.be\/cf\/activites\/","title":{"rendered":"ACTIVITES"},"content":{"rendered":"<p>[et_pb_section fb_built=\u00a0\u00bb1&Prime; _builder_version=\u00a0\u00bb4.20.4&Prime; _module_preset=\u00a0\u00bbdefault\u00a0\u00bb global_colors_info=\u00a0\u00bb{}\u00a0\u00bb][et_pb_row _builder_version=\u00a0\u00bb4.20.4&Prime; _module_preset=\u00a0\u00bbdefault\u00a0\u00bb global_colors_info=\u00a0\u00bb{}\u00a0\u00bb][et_pb_column type=\u00a0\u00bb4_4&Prime; _builder_version=\u00a0\u00bb4.20.4&Prime; _module_preset=\u00a0\u00bbdefault\u00a0\u00bb global_colors_info=\u00a0\u00bb{}\u00a0\u00bb][et_pb_text _builder_version=\u00a0\u00bb4.20.4&Prime; _module_preset=\u00a0\u00bbdefault\u00a0\u00bb text_font=\u00a0\u00bb|800|||||||\u00a0\u00bb global_colors_info=\u00a0\u00bb{}\u00a0\u00bb]<\/p>\n<h2 style=\"text-align: center;\"><strong>ACTIVITES<\/strong><\/h2>\n<p>[\/et_pb_text][\/et_pb_column][\/et_pb_row][et_pb_row column_structure=\u00a0\u00bb1_3,1_3,1_3&Prime; _builder_version=\u00a0\u00bb4.21.0&Prime; _module_preset=\u00a0\u00bbdefault\u00a0\u00bb global_colors_info=\u00a0\u00bb{}\u00a0\u00bb][et_pb_column type=\u00a0\u00bb1_3&Prime; _builder_version=\u00a0\u00bb4.21.0&Prime; _module_preset=\u00a0\u00bbdefault\u00a0\u00bb global_colors_info=\u00a0\u00bb{}\u00a0\u00bb][et_pb_button button_url=\u00a0\u00bbhttps:\/\/citadelle.namur.be\/fr\u00a0\u00bb url_new_window=\u00a0\u00bbon\u00a0\u00bb button_text=\u00a0\u00bbCitadelle de Namur\u00a0\u00bb button_alignment=\u00a0\u00bbcenter\u00a0\u00bb _builder_version=\u00a0\u00bb4.21.0&Prime; _module_preset=\u00a0\u00bbdefault\u00a0\u00bb custom_button=\u00a0\u00bbon\u00a0\u00bb button_text_color=\u00a0\u00bb#FFFFFF\u00a0\u00bb button_bg_color=\u00a0\u00bb#028404&Prime; button_border_color=\u00a0\u00bb#FFFFFF\u00a0\u00bb button_border_radius=\u00a0\u00bb10px\u00a0\u00bb button_font=\u00a0\u00bb|700|||||||\u00a0\u00bb button_icon=\u00a0\u00bb&#x35;||divi||400&Prime; box_shadow_style=\u00a0\u00bbpreset4&Prime; box_shadow_color=\u00a0\u00bbrgba(129,147,249,0.5)\u00a0\u00bb global_colors_info=\u00a0\u00bb{}\u00a0\u00bb][\/et_pb_button][\/et_pb_column][et_pb_column type=\u00a0\u00bb1_3&Prime; _builder_version=\u00a0\u00bb4.21.0&Prime; _module_preset=\u00a0\u00bbdefault\u00a0\u00bb global_colors_info=\u00a0\u00bb{}\u00a0\u00bb][et_pb_button button_url=\u00a0\u00bbhttp:\/\/ravel.wallonie.be\/home.html\u00a0\u00bb url_new_window=\u00a0\u00bbon\u00a0\u00bb button_text=\u00a0\u00bbRavel\u00a0\u00bb button_alignment=\u00a0\u00bbcenter\u00a0\u00bb _builder_version=\u00a0\u00bb4.21.0&Prime; _module_preset=\u00a0\u00bbdefault\u00a0\u00bb custom_button=\u00a0\u00bbon\u00a0\u00bb button_text_size=\u00a0\u00bb20px\u00a0\u00bb button_bg_color=\u00a0\u00bb#028404&Prime; button_border_color=\u00a0\u00bb#FFFFFF\u00a0\u00bb button_border_radius=\u00a0\u00bb10px\u00a0\u00bb button_font=\u00a0\u00bb|700|||||||\u00a0\u00bb button_icon=\u00a0\u00bb&#x35;||divi||400&Prime; box_shadow_style=\u00a0\u00bbpreset4&Prime; box_shadow_color=\u00a0\u00bbrgba(134,152,249,0.46)\u00a0\u00bb global_colors_info=\u00a0\u00bb{}\u00a0\u00bb][\/et_pb_button][\/et_pb_column][et_pb_column type=\u00a0\u00bb1_3&Prime; _builder_version=\u00a0\u00bb4.21.0&Prime; _module_preset=\u00a0\u00bbdefault\u00a0\u00bb global_colors_info=\u00a0\u00bb{}\u00a0\u00bb][et_pb_button button_url=\u00a0\u00bbhttp:\/\/www.tourismegps.be\/\u00a0\u00bb url_new_window=\u00a0\u00bbon\u00a0\u00bb button_text=\u00a0\u00bbTourisme GPS\u00a0\u00bb button_alignment=\u00a0\u00bbcenter\u00a0\u00bb _builder_version=\u00a0\u00bb4.21.0&Prime; _module_preset=\u00a0\u00bbdefault\u00a0\u00bb custom_button=\u00a0\u00bbon\u00a0\u00bb button_text_size=\u00a0\u00bb20px\u00a0\u00bb button_bg_color=\u00a0\u00bb#028404&Prime; button_border_color=\u00a0\u00bb#FFFFFF\u00a0\u00bb button_border_radius=\u00a0\u00bb10px\u00a0\u00bb button_font=\u00a0\u00bb|700|||||||\u00a0\u00bb button_icon=\u00a0\u00bb&#x35;||divi||400&Prime; box_shadow_style=\u00a0\u00bbpreset4&Prime; box_shadow_color=\u00a0\u00bbrgba(132,150,249,0.47)\u00a0\u00bb global_colors_info=\u00a0\u00bb{}\u00a0\u00bb][\/et_pb_button][\/et_pb_column][\/et_pb_row][et_pb_row column_structure=\u00a0\u00bb1_3,1_3,1_3&Prime; _builder_version=\u00a0\u00bb4.21.0&Prime; _module_preset=\u00a0\u00bbdefault\u00a0\u00bb global_colors_info=\u00a0\u00bb{}\u00a0\u00bb][et_pb_column type=\u00a0\u00bb1_3&Prime; _builder_version=\u00a0\u00bb4.21.0&Prime; _module_preset=\u00a0\u00bbdefault\u00a0\u00bb global_colors_info=\u00a0\u00bb{}\u00a0\u00bb][et_pb_button button_url=\u00a0\u00bbhttps:\/\/www.citadellededinant.be\/%20%20%20&Prime; url_new_window=\u00a0\u00bbon\u00a0\u00bb button_text=\u00a0\u00bbCitadelle de Dinant\u00a0\u00bb button_alignment=\u00a0\u00bbcenter\u00a0\u00bb _builder_version=\u00a0\u00bb4.21.0&Prime; _module_preset=\u00a0\u00bbdefault\u00a0\u00bb custom_button=\u00a0\u00bbon\u00a0\u00bb button_text_color=\u00a0\u00bb#FFFFFF\u00a0\u00bb button_bg_color=\u00a0\u00bb#028404&Prime; button_border_color=\u00a0\u00bb#FFFFFF\u00a0\u00bb button_border_radius=\u00a0\u00bb10px\u00a0\u00bb button_font=\u00a0\u00bb|700|||||||\u00a0\u00bb button_icon=\u00a0\u00bb&#x35;||divi||400&Prime; box_shadow_style=\u00a0\u00bbpreset4&Prime; box_shadow_color=\u00a0\u00bbrgba(127,145,249,0.5)\u00a0\u00bb global_colors_info=\u00a0\u00bb{}\u00a0\u00bb][\/et_pb_button][\/et_pb_column][et_pb_column type=\u00a0\u00bb1_3&Prime; _builder_version=\u00a0\u00bb4.21.0&Prime; _module_preset=\u00a0\u00bbdefault\u00a0\u00bb global_colors_info=\u00a0\u00bb{}\u00a0\u00bb][et_pb_button button_url=\u00a0\u00bbhttps:\/\/www.valleedelameuse-tourisme.be\/\u00a0\u00bb url_new_window=\u00a0\u00bbon\u00a0\u00bb button_text=\u00a0\u00bbMaison du Tourisme \u00e0 Haute-Meuse\u00a0\u00bb button_alignment=\u00a0\u00bbcenter\u00a0\u00bb _builder_version=\u00a0\u00bb4.21.0&Prime; _module_preset=\u00a0\u00bbdefault\u00a0\u00bb custom_button=\u00a0\u00bbon\u00a0\u00bb button_text_color=\u00a0\u00bb#FFFFFF\u00a0\u00bb button_bg_color=\u00a0\u00bb#028404&Prime; button_border_width=\u00a0\u00bb2px\u00a0\u00bb button_border_color=\u00a0\u00bb#FFFFFF\u00a0\u00bb button_border_radius=\u00a0\u00bb10px\u00a0\u00bb button_letter_spacing=\u00a0\u00bb2px\u00a0\u00bb button_font=\u00a0\u00bb|700|||||||\u00a0\u00bb button_icon=\u00a0\u00bb&#x35;||divi||400&Prime; box_shadow_style=\u00a0\u00bbpreset4&Prime; box_shadow_color=\u00a0\u00bbrgba(127,145,249,0.49)\u00a0\u00bb global_colors_info=\u00a0\u00bb{}\u00a0\u00bb][\/et_pb_button][\/et_pb_column][et_pb_column type=\u00a0\u00bb1_3&Prime; _builder_version=\u00a0\u00bb4.21.0&Prime; _module_preset=\u00a0\u00bbdefault\u00a0\u00bb global_colors_info=\u00a0\u00bb{}\u00a0\u00bb][et_pb_button button_url=\u00a0\u00bbhttp:\/\/www.draisines.online\/\u00a0\u00bb url_new_window=\u00a0\u00bbon\u00a0\u00bb button_text=\u00a0\u00bbVall\u00e9e de la Molign\u00e9e\u00a0\u00bb button_alignment=\u00a0\u00bbcenter\u00a0\u00bb _builder_version=\u00a0\u00bb4.21.0&Prime; _module_preset=\u00a0\u00bbdefault\u00a0\u00bb custom_button=\u00a0\u00bbon\u00a0\u00bb button_text_color=\u00a0\u00bb#FFFFFF\u00a0\u00bb button_bg_color=\u00a0\u00bb#028404&Prime; button_border_color=\u00a0\u00bb#FFFFFF\u00a0\u00bb button_border_radius=\u00a0\u00bb10px\u00a0\u00bb button_font=\u00a0\u00bb|700|||||||\u00a0\u00bb button_icon=\u00a0\u00bb&#x35;||divi||400&Prime; box_shadow_style=\u00a0\u00bbpreset4&Prime; box_shadow_color=\u00a0\u00bbrgba(129,147,249,0.5)\u00a0\u00bb global_colors_info=\u00a0\u00bb{}\u00a0\u00bb][\/et_pb_button][\/et_pb_column][\/et_pb_row][\/et_pb_section][et_pb_section fb_built=\u00a0\u00bb1&Prime; _builder_version=\u00a0\u00bb4.21.0&Prime; _module_preset=\u00a0\u00bbdefault\u00a0\u00bb hover_enabled=\u00a0\u00bb0&Prime; global_colors_info=\u00a0\u00bb{}\u00a0\u00bb sticky_enabled=\u00a0\u00bb0&Prime; custom_margin=\u00a0\u00bb-90px||||false|false\u00a0\u00bb][et_pb_row _builder_version=\u00a0\u00bb4.21.0&Prime; _module_preset=\u00a0\u00bbdefault\u00a0\u00bb global_colors_info=\u00a0\u00bb{}\u00a0\u00bb][et_pb_column type=\u00a0\u00bb4_4&Prime; _builder_version=\u00a0\u00bb4.21.0&Prime; _module_preset=\u00a0\u00bbdefault\u00a0\u00bb global_colors_info=\u00a0\u00bb{}\u00a0\u00bb][et_pb_text _builder_version=\u00a0\u00bb4.21.0&Prime; _module_preset=\u00a0\u00bbdefault\u00a0\u00bb custom_padding=\u00a0\u00bb11px|||||\u00a0\u00bb global_colors_info=\u00a0\u00bb{}\u00a0\u00bb]<\/p>\n<h4 style=\"text-align: left;\"><span style=\"font-size: x-large;\"><strong>Documentations touristiques, <\/strong><\/span><\/h4>\n<blockquote>\n<h4><span style=\"font-size: x-large;\"><em><span style=\"font-size: large;\">nous pouvons vous fournir de nombreux folders et infos.<\/span><\/em><\/span><\/h4>\n<h4>Pour vous aider \u00e0 mieux d\u00e9couvrir notre belle r\u00e9gion et vous \u00eates agr\u00e9able ! Vous trouvez le coin infos et services sur :<br \/>Namur et environs, la Wallonie, Bruxelles et la Flandre. <br \/>Les plus beaux villages de Wallonie. La vall\u00e9e de la Sambre et de la Meuse. Les Ardennes Belge et Fran\u00e7aise. Bastogne, Dinant, Li\u00e8ge, Brussels, Waterloo, Bruges, Redu, l\u2019Euro Space Center, les grottes et le parc animalier de Han-Sur-Lesse, Rochefort, Durbuy, les attractions, les mus\u00e9es. l\u2019Abbaye de Maredsous. Les Jardins d\u2019Annevoie. Les ch\u00e2teaux de : Veves, Fre\u00eer sur Meuse, Lavaux-Sainte-Anne, Modave, etc.<br \/>Et encore beaucoup d\u2019autres tr\u00e8s beaux coins de Belgique \u00e0 voir et ne pas rater, etc.<\/h4>\n<\/blockquote>\n<p>[\/et_pb_text][\/et_pb_column][\/et_pb_row][\/et_pb_section]<\/p>\n","protected":false},"excerpt":{"rendered":"<p>ACTIVITESDocumentations touristiques, nous pouvons vous fournir de nombreux folders et infos. Pour vous aider \u00e0 mieux d\u00e9couvrir notre belle r\u00e9gion et vous \u00eates agr\u00e9able ! Vous trouvez le coin infos et services sur :Namur et environs, la Wallonie, Bruxelles et la Flandre. Les plus beaux villages de Wallonie. La vall\u00e9e de la Sambre et de [&hellip;]<\/p>\n","protected":false},"author":1,"featured_media":0,"parent":0,"menu_order":0,"comment_status":"closed","ping_status":"closed","template":"","meta":{"_et_pb_use_builder":"on","_et_pb_old_content":"","_et_gb_content_width":"","footnotes":""},"class_list":["post-4484","page","type-page","status-publish","hentry"],"_links":{"self":[{"href":"https:\/\/cotefontaine.be\/cf\/wp-json\/wp\/v2\/pages\/4484","targetHints":{"allow":["GET"]}}],"collection":[{"href":"https:\/\/cotefontaine.be\/cf\/wp-json\/wp\/v2\/pages"}],"about":[{"href":"https:\/\/cotefontaine.be\/cf\/wp-json\/wp\/v2\/types\/page"}],"author":[{"embeddable":true,"href":"https:\/\/cotefontaine.be\/cf\/wp-json\/wp\/v2\/users\/1"}],"replies":[{"embeddable":true,"href":"https:\/\/cotefontaine.be\/cf\/wp-json\/wp\/v2\/comments?post=4484"}],"version-history":[{"count":10,"href":"https:\/\/cotefontaine.be\/cf\/wp-json\/wp\/v2\/pages\/4484\/revisions"}],"predecessor-version":[{"id":5095,"href":"https:\/\/cotefontaine.be\/cf\/wp-json\/wp\/v2\/pages\/4484\/revisions\/5095"}],"wp:attachment":[{"href":"https:\/\/cotefontaine.be\/cf\/wp-json\/wp\/v2\/media?parent=4484"}],"curies":[{"name":"wp","href":"https:\/\/api.w.org\/{rel}","templated":true}]}}

<p>[et_pb_section fb_built= »1&Prime; _builder_version= »4.20.4&Prime; _module_preset= »default » global_colors_info= »{} »][et_pb_row _builder_version= »4.20.4&Prime; _module_preset= »default » global_colors_info= »{} »][et_pb_column type= »4_4&Prime; _builder_version= »4.20.4&Prime; _module_preset= »default » global_colors_info= »{} »][et_pb_text _builder_version= »4.20.4&Prime; _module_preset= »default » text_font= »|800||||||| » global_colors_info= »{} »]</p>
<h2 style="text-align: center;"><strong>ACTIVITES</strong></h2>
<p>[/et_pb_text][/et_pb_column][/et_pb_row][et_pb_row column_structure= »1_3,1_3,1_3&Prime; _builder_version= »4.21.0&Prime; _module_preset= »default » global_colors_info= »{} »][et_pb_column type= »1_3&Prime; _builder_version= »4.21.0&Prime; _module_preset= »default » global_colors_info= »{} »][et_pb_button button_url= »https://citadelle.namur.be/fr » url_new_window= »on » button_text= »Citadelle de Namur » button_alignment= »center » _builder_version= »4.21.0&Prime; _module_preset= »default » custom_button= »on » button_text_color= »#FFFFFF » button_bg_color= »#028404&Prime; button_border_color= »#FFFFFF » button_border_radius= »10px » button_font= »|700||||||| » button_icon= »&#x35;||divi||400&Prime; box_shadow_style= »preset4&Prime; box_shadow_color= »rgba(129,147,249,0.5) » global_colors_info= »{} »][/et_pb_button][/et_pb_column][et_pb_column type= »1_3&Prime; _builder_version= »4.21.0&Prime; _module_preset= »default » global_colors_info= »{} »][et_pb_button button_url= »http://ravel.wallonie.be/home.html » url_new_window= »on » button_text= »Ravel » button_alignment= »center » _builder_version= »4.21.0&Prime; _module_preset= »default » custom_button= »on » button_text_size= »20px » button_bg_color= »#028404&Prime; button_border_color= »#FFFFFF » button_border_radius= »10px » button_font= »|700||||||| » button_icon= »&#x35;||divi||400&Prime; box_shadow_style= »preset4&Prime; box_shadow_color= »rgba(134,152,249,0.46) » global_colors_info= »{} »][/et_pb_button][/et_pb_column][et_pb_column type= »1_3&Prime; _builder_version= »4.21.0&Prime; _module_preset= »default » global_colors_info= »{} »][et_pb_button button_url= »http://www.tourismegps.be/ » url_new_window= »on » button_text= »Tourisme GPS » button_alignment= »center » _builder_version= »4.21.0&Prime; _module_preset= »default » custom_button= »on » button_text_size= »20px » button_bg_color= »#028404&Prime; button_border_color= »#FFFFFF » button_border_radius= »10px » button_font= »|700||||||| » button_icon= »&#x35;||divi||400&Prime; box_shadow_style= »preset4&Prime; box_shadow_color= »rgba(132,150,249,0.47) » global_colors_info= »{} »][/et_pb_button][/et_pb_column][/et_pb_row][et_pb_row column_structure= »1_3,1_3,1_3&Prime; _builder_version= »4.21.0&Prime; _module_preset= »default » global_colors_info= »{} »][et_pb_column type= »1_3&Prime; _builder_version= »4.21.0&Prime; _module_preset= »default » global_colors_info= »{} »][et_pb_button button_url= »https://www.citadellededinant.be/%20%20%20&Prime; url_new_window= »on » button_text= »Citadelle de Dinant » button_alignment= »center » _builder_version= »4.21.0&Prime; _module_preset= »default » custom_button= »on » button_text_color= »#FFFFFF » button_bg_color= »#028404&Prime; button_border_color= »#FFFFFF » button_border_radius= »10px » button_font= »|700||||||| » button_icon= »&#x35;||divi||400&Prime; box_shadow_style= »preset4&Prime; box_shadow_color= »rgba(127,145,249,0.5) » global_colors_info= »{} »][/et_pb_button][/et_pb_column][et_pb_column type= »1_3&Prime; _builder_version= »4.21.0&Prime; _module_preset= »default » global_colors_info= »{} »][et_pb_button button_url= »https://www.valleedelameuse-tourisme.be/ » url_new_window= »on » button_text= »Maison du Tourisme à Haute-Meuse » button_alignment= »center » _builder_version= »4.21.0&Prime; _module_preset= »default » custom_button= »on » button_text_color= »#FFFFFF » button_bg_color= »#028404&Prime; button_border_width= »2px » button_border_color= »#FFFFFF » button_border_radius= »10px » button_letter_spacing= »2px » button_font= »|700||||||| » button_icon= »&#x35;||divi||400&Prime; box_shadow_style= »preset4&Prime; box_shadow_color= »rgba(127,145,249,0.49) » global_colors_info= »{} »][/et_pb_button][/et_pb_column][et_pb_column type= »1_3&Prime; _builder_version= »4.21.0&Prime; _module_preset= »default » global_colors_info= »{} »][et_pb_button button_url= »http://www.draisines.online/ » url_new_window= »on » button_text= »Vallée de la Molignée » button_alignment= »center » _builder_version= »4.21.0&Prime; _module_preset= »default » custom_button= »on » button_text_color= »#FFFFFF » button_bg_color= »#028404&Prime; button_border_color= »#FFFFFF » button_border_radius= »10px » button_font= »|700||||||| » button_icon= »&#x35;||divi||400&Prime; box_shadow_style= »preset4&Prime; box_shadow_color= »rgba(129,147,249,0.5) » global_colors_info= »{} »][/et_pb_button][/et_pb_column][/et_pb_row][/et_pb_section][et_pb_section fb_built= »1&Prime; _builder_version= »4.21.0&Prime; _module_preset= »default » hover_enabled= »0&Prime; global_colors_info= »{} » sticky_enabled= »0&Prime; custom_margin= »-90px||||false|false »][et_pb_row _builder_version= »4.21.0&Prime; _module_preset= »default » global_colors_info= »{} »][et_pb_column type= »4_4&Prime; _builder_version= »4.21.0&Prime; _module_preset= »default » global_colors_info= »{} »][et_pb_text _builder_version= »4.21.0&Prime; _module_preset= »default » custom_padding= »11px||||| » global_colors_info= »{} »]</p>
<h4 style="text-align: left;"><span style="font-size: x-large;"><strong>Documentations touristiques, </strong></span></h4>
<blockquote>
<h4><span style="font-size: x-large;"><em><span style="font-size: large;">nous pouvons vous fournir de nombreux folders et infos.</span></em></span></h4>
<h4>Pour vous aider à mieux découvrir notre belle région et vous êtes agréable ! Vous trouvez le coin infos et services sur :<br />Namur et environs, la Wallonie, Bruxelles et la Flandre. <br />Les plus beaux villages de Wallonie. La vallée de la Sambre et de la Meuse. Les Ardennes Belge et Française. Bastogne, Dinant, Liège, Brussels, Waterloo, Bruges, Redu, l’Euro Space Center, les grottes et le parc animalier de Han-Sur-Lesse, Rochefort, Durbuy, les attractions, les musées. l’Abbaye de Maredsous. Les Jardins d’Annevoie. Les châteaux de : Veves, Freîr sur Meuse, Lavaux-Sainte-Anne, Modave, etc.<br />Et encore beaucoup d’autres très beaux coins de Belgique à voir et ne pas rater, etc.</h4>
</blockquote>
<p>[/et_pb_text][/et_pb_column][/et_pb_row][/et_pb_section]</p>

<p>ACTIVITESDocumentations touristiques, nous pouvons vous fournir de nombreux folders et infos. Pour vous aider à mieux découvrir notre belle région et vous êtes agréable ! Vous trouvez le coin infos et services sur :Namur et environs, la Wallonie, Bruxelles et la Flandre. Les plus beaux villages de Wallonie. La vallée de la Sambre et de [&hellip;]</p>
